{"id":8280,"date":"2020-07-02T09:02:19","date_gmt":"2020-07-02T09:02:19","guid":{"rendered":"https:\/\/balvanyos.org\/kivandorlas-en\/"},"modified":"2020-07-02T09:02:19","modified_gmt":"2020-07-02T09:02:19","slug":"kivandorlas-en","status":"publish","type":"page","link":"https:\/\/balvanyos.org\/en\/kivandorlas-en\/","title":{"rendered":"Kiv\u00e1ndorl\u00e1s (EN)"},"content":{"rendered":"<p>Rom\u00e1nia 2007-es eur\u00f3pai uni\u00f3s csatlakoz\u00e1sa ut\u00e1n \u00faj \u00e9rtelmez\u00e9st nyert a gazdas\u00e1gi migr\u00e1ci\u00f3. Az elm\u00falt \u00e9vek kutat\u00e1sai azt mutatj\u00e1k, hogy nagyon sokan (k\u00f6z\u00f6tt\u00fck erd\u00e9lyi magyarok is) nyugat-eur\u00f3pai c\u00e9lorsz\u00e1got v\u00e1lasztanak. Ezeknek a migr\u00e1ci\u00f3s dinamik\u00e1knak a meg\u00e9rt\u00e9se fontos c\u00e9lkit\u0171z\u00e9s lehet nemzetpolitikai szempontb\u00f3l is.<\/p>\n<p>Ugyanakkor, a bels\u0151 mobilit\u00e1s tekintet\u00e9ben az elm\u00falt 30 \u00e9vben t\u00f6bb v\u00e1ltoz\u00e1snak lehett\u00fcnk tan\u00fai. A 70-80-as \u00e9vekben az egyetemv\u00e1laszt\u00e1s szempontj\u00e1b\u00f3l a sz\u00e9kelyf\u00f6ldi di\u00e1kok sz\u00e1m\u00e1ra fontos c\u00e9l-v\u00e1ros volt Temesv\u00e1r, azonban ez a 2000-es \u00e9vek k\u00f6zep\u00e9t\u0151l megsz\u0171nni l\u00e1tszik, a di\u00e1kok ink\u00e1bb a Nagyv\u00e1rad \u2013 Kolozsv\u00e1r \u2013 Marosv\u00e1s\u00e1rhely tengelyen folytatj\u00e1k tanulm\u00e1nyaikat \u00e9s sokan itt is telepednek le tanulm\u00e1nyaik befejez\u00e9se ut\u00e1n.<\/p>\n<p>A bels\u0151 \u00e9s k\u00fcls\u0151 mobilit\u00e1s elfogulatlan tudom\u00e1nyos kutat\u00e1sa kiemelten fontos az erd\u00e9lyi magyars\u00e1g megmarad\u00e1sa, valamint a sz\u00e9kelyf\u00f6ldi r\u00e9gi\u00f3 fejleszt\u00e9se szempontj\u00e1b\u00f3l.<\/p>\n","protected":false},"excerpt":{"rendered":"<p>Rom\u00e1nia 2007-es eur\u00f3pai uni\u00f3s csatlakoz\u00e1sa ut\u00e1n \u00faj \u00e9rtelmez\u00e9st nyert a gazdas\u00e1gi migr\u00e1ci\u00f3. Az elm\u00falt \u00e9vek kutat\u00e1sai azt mutatj\u00e1k, hogy nagyon sokan (k\u00f6z\u00f6tt\u00fck erd\u00e9lyi magyarok is) nyugat-eur\u00f3pai c\u00e9lorsz\u00e1got v\u00e1lasztanak. Ezeknek a migr\u00e1ci\u00f3s dinamik\u00e1knak a meg\u00e9rt\u00e9se fontos c\u00e9lkit\u0171z\u00e9s lehet nemzetpolitikai szempontb\u00f3l is. Ugyanakkor, a bels\u0151 mobilit\u00e1s tekintet\u00e9ben az elm\u00falt 30 \u00e9vben t\u00f6bb v\u00e1ltoz\u00e1snak lehett\u00fcnk tan\u00fai. A 70-80-as &hellip;<\/p>\n","protected":false},"author":4,"featured_media":0,"parent":0,"menu_order":0,"comment_status":"closed","ping_status":"closed","template":"","meta":{"footnotes":""},"class_list":["post-8280","page","type-page","status-publish","hentry","no-thumb"],"yoast_head":"<!-- This site is optimized with the Yoast SEO plugin v26.8 - https:\/\/yoast.com\/product\/yoast-seo-wordpress\/ -->\n<title>Kiv\u00e1ndorl\u00e1s (EN) - B\u00e1lv\u00e1nyos Institute<\/title>\n<meta name=\"robots\" content=\"index, follow, max-snippet:-1, max-image-preview:large, max-video-preview:-1\" \/>\n<link rel=\"canonical\" href=\"https:\/\/balvanyos.org\/en\/kivandorlas-en\/\" \/>\n<meta property=\"og:locale\" content=\"en_US\" \/>\n<meta property=\"og:type\" content=\"article\" \/>\n<meta property=\"og:title\" content=\"Kiv\u00e1ndorl\u00e1s (EN) - B\u00e1lv\u00e1nyos Institute\" \/>\n<meta property=\"og:description\" content=\"Rom\u00e1nia 2007-es eur\u00f3pai uni\u00f3s csatlakoz\u00e1sa ut\u00e1n \u00faj \u00e9rtelmez\u00e9st nyert a gazdas\u00e1gi migr\u00e1ci\u00f3. Az elm\u00falt \u00e9vek kutat\u00e1sai azt mutatj\u00e1k, hogy nagyon sokan (k\u00f6z\u00f6tt\u00fck erd\u00e9lyi magyarok is) nyugat-eur\u00f3pai c\u00e9lorsz\u00e1got v\u00e1lasztanak. Ezeknek a migr\u00e1ci\u00f3s dinamik\u00e1knak a meg\u00e9rt\u00e9se fontos c\u00e9lkit\u0171z\u00e9s lehet nemzetpolitikai szempontb\u00f3l is. Ugyanakkor, a bels\u0151 mobilit\u00e1s tekintet\u00e9ben az elm\u00falt 30 \u00e9vben t\u00f6bb v\u00e1ltoz\u00e1snak lehett\u00fcnk tan\u00fai. A 70-80-as &hellip;\" \/>\n<meta property=\"og:url\" content=\"https:\/\/balvanyos.org\/en\/kivandorlas-en\/\" \/>\n<meta property=\"og:site_name\" content=\"B\u00e1lv\u00e1nyos Institute\" \/>\n<meta name=\"twitter:card\" content=\"summary_large_image\" \/>\n<meta name=\"twitter:label1\" content=\"Est. reading time\" \/>\n\t<meta name=\"twitter:data1\" content=\"1 minute\" \/>\n<script type=\"application\/ld+json\" class=\"yoast-schema-graph\">{\"@context\":\"https:\/\/schema.org\",\"@graph\":[{\"@type\":\"WebPage\",\"@id\":\"https:\/\/balvanyos.org\/en\/kivandorlas-en\/\",\"url\":\"https:\/\/balvanyos.org\/en\/kivandorlas-en\/\",\"name\":\"Kiv\u00e1ndorl\u00e1s (EN) - B\u00e1lv\u00e1nyos Institute\",\"isPartOf\":{\"@id\":\"https:\/\/balvanyos.org\/#website\"},\"datePublished\":\"2020-07-02T09:02:19+00:00\",\"breadcrumb\":{\"@id\":\"https:\/\/balvanyos.org\/en\/kivandorlas-en\/#breadcrumb\"},\"inLanguage\":\"en-US\",\"potentialAction\":[{\"@type\":\"ReadAction\",\"target\":[\"https:\/\/balvanyos.org\/en\/kivandorlas-en\/\"]}]},{\"@type\":\"BreadcrumbList\",\"@id\":\"https:\/\/balvanyos.org\/en\/kivandorlas-en\/#breadcrumb\",\"itemListElement\":[{\"@type\":\"ListItem\",\"position\":1,\"name\":\"Home\",\"item\":\"https:\/\/balvanyos.org\/en\/\"},{\"@type\":\"ListItem\",\"position\":2,\"name\":\"Kiv\u00e1ndorl\u00e1s (EN)\"}]},{\"@type\":\"WebSite\",\"@id\":\"https:\/\/balvanyos.org\/#website\",\"url\":\"https:\/\/balvanyos.org\/\",\"name\":\"B\u00e1lv\u00e1nyos Institute\",\"description\":\"Erd\u00e9lyi K\u00f6zszolg\u00e1lati Szabadegyetem\",\"publisher\":{\"@id\":\"https:\/\/balvanyos.org\/#organization\"},\"potentialAction\":[{\"@type\":\"SearchAction\",\"target\":{\"@type\":\"EntryPoint\",\"urlTemplate\":\"https:\/\/balvanyos.org\/?s={search_term_string}\"},\"query-input\":{\"@type\":\"PropertyValueSpecification\",\"valueRequired\":true,\"valueName\":\"search_term_string\"}}],\"inLanguage\":\"en-US\"},{\"@type\":\"Organization\",\"@id\":\"https:\/\/balvanyos.org\/#organization\",\"name\":\"Institutul B\u00e1lv\u00e1nyos\",\"url\":\"https:\/\/balvanyos.org\/\",\"logo\":{\"@type\":\"ImageObject\",\"inLanguage\":\"en-US\",\"@id\":\"https:\/\/balvanyos.org\/#\/schema\/logo\/image\/\",\"url\":\"https:\/\/balvanyos.org\/wp-content\/uploads\/2019\/03\/BI_celja_pic.jpg\",\"contentUrl\":\"https:\/\/balvanyos.org\/wp-content\/uploads\/2019\/03\/BI_celja_pic.jpg\",\"width\":1300,\"height\":900,\"caption\":\"Institutul B\u00e1lv\u00e1nyos\"},\"image\":{\"@id\":\"https:\/\/balvanyos.org\/#\/schema\/logo\/image\/\"}}]}<\/script>\n<!-- \/ Yoast SEO plugin. -->","yoast_head_json":{"title":"Kiv\u00e1ndorl\u00e1s (EN) - B\u00e1lv\u00e1nyos Institute","robots":{"index":"index","follow":"follow","max-snippet":"max-snippet:-1","max-image-preview":"max-image-preview:large","max-video-preview":"max-video-preview:-1"},"canonical":"https:\/\/balvanyos.org\/en\/kivandorlas-en\/","og_locale":"en_US","og_type":"article","og_title":"Kiv\u00e1ndorl\u00e1s (EN) - B\u00e1lv\u00e1nyos Institute","og_description":"Rom\u00e1nia 2007-es eur\u00f3pai uni\u00f3s csatlakoz\u00e1sa ut\u00e1n \u00faj \u00e9rtelmez\u00e9st nyert a gazdas\u00e1gi migr\u00e1ci\u00f3. Az elm\u00falt \u00e9vek kutat\u00e1sai azt mutatj\u00e1k, hogy nagyon sokan (k\u00f6z\u00f6tt\u00fck erd\u00e9lyi magyarok is) nyugat-eur\u00f3pai c\u00e9lorsz\u00e1got v\u00e1lasztanak. Ezeknek a migr\u00e1ci\u00f3s dinamik\u00e1knak a meg\u00e9rt\u00e9se fontos c\u00e9lkit\u0171z\u00e9s lehet nemzetpolitikai szempontb\u00f3l is. Ugyanakkor, a bels\u0151 mobilit\u00e1s tekintet\u00e9ben az elm\u00falt 30 \u00e9vben t\u00f6bb v\u00e1ltoz\u00e1snak lehett\u00fcnk tan\u00fai. A 70-80-as &hellip;","og_url":"https:\/\/balvanyos.org\/en\/kivandorlas-en\/","og_site_name":"B\u00e1lv\u00e1nyos Institute","twitter_card":"summary_large_image","twitter_misc":{"Est. reading time":"1 minute"},"schema":{"@context":"https:\/\/schema.org","@graph":[{"@type":"WebPage","@id":"https:\/\/balvanyos.org\/en\/kivandorlas-en\/","url":"https:\/\/balvanyos.org\/en\/kivandorlas-en\/","name":"Kiv\u00e1ndorl\u00e1s (EN) - B\u00e1lv\u00e1nyos Institute","isPartOf":{"@id":"https:\/\/balvanyos.org\/#website"},"datePublished":"2020-07-02T09:02:19+00:00","breadcrumb":{"@id":"https:\/\/balvanyos.org\/en\/kivandorlas-en\/#breadcrumb"},"inLanguage":"en-US","potentialAction":[{"@type":"ReadAction","target":["https:\/\/balvanyos.org\/en\/kivandorlas-en\/"]}]},{"@type":"BreadcrumbList","@id":"https:\/\/balvanyos.org\/en\/kivandorlas-en\/#breadcrumb","itemListElement":[{"@type":"ListItem","position":1,"name":"Home","item":"https:\/\/balvanyos.org\/en\/"},{"@type":"ListItem","position":2,"name":"Kiv\u00e1ndorl\u00e1s (EN)"}]},{"@type":"WebSite","@id":"https:\/\/balvanyos.org\/#website","url":"https:\/\/balvanyos.org\/","name":"B\u00e1lv\u00e1nyos Institute","description":"Erd\u00e9lyi K\u00f6zszolg\u00e1lati Szabadegyetem","publisher":{"@id":"https:\/\/balvanyos.org\/#organization"},"potentialAction":[{"@type":"SearchAction","target":{"@type":"EntryPoint","urlTemplate":"https:\/\/balvanyos.org\/?s={search_term_string}"},"query-input":{"@type":"PropertyValueSpecification","valueRequired":true,"valueName":"search_term_string"}}],"inLanguage":"en-US"},{"@type":"Organization","@id":"https:\/\/balvanyos.org\/#organization","name":"Institutul B\u00e1lv\u00e1nyos","url":"https:\/\/balvanyos.org\/","logo":{"@type":"ImageObject","inLanguage":"en-US","@id":"https:\/\/balvanyos.org\/#\/schema\/logo\/image\/","url":"https:\/\/balvanyos.org\/wp-content\/uploads\/2019\/03\/BI_celja_pic.jpg","contentUrl":"https:\/\/balvanyos.org\/wp-content\/uploads\/2019\/03\/BI_celja_pic.jpg","width":1300,"height":900,"caption":"Institutul B\u00e1lv\u00e1nyos"},"image":{"@id":"https:\/\/balvanyos.org\/#\/schema\/logo\/image\/"}}]}},"_links":{"self":[{"href":"https:\/\/balvanyos.org\/en\/wp-json\/wp\/v2\/pages\/8280","targetHints":{"allow":["GET"]}}],"collection":[{"href":"https:\/\/balvanyos.org\/en\/wp-json\/wp\/v2\/pages"}],"about":[{"href":"https:\/\/balvanyos.org\/en\/wp-json\/wp\/v2\/types\/page"}],"author":[{"embeddable":true,"href":"https:\/\/balvanyos.org\/en\/wp-json\/wp\/v2\/users\/4"}],"replies":[{"embeddable":true,"href":"https:\/\/balvanyos.org\/en\/wp-json\/wp\/v2\/comments?post=8280"}],"version-history":[{"count":0,"href":"https:\/\/balvanyos.org\/en\/wp-json\/wp\/v2\/pages\/8280\/revisions"}],"wp:attachment":[{"href":"https:\/\/balvanyos.org\/en\/wp-json\/wp\/v2\/media?parent=8280"}],"curies":[{"name":"wp","href":"https:\/\/api.w.org\/{rel}","templated":true}]}}

Kivándorlás (EN)

<p>Románia 2007-es európai uniós csatlakozása után új értelmezést nyert a gazdasági migráció. Az elmúlt évek kutatásai azt mutatják, hogy nagyon sokan (közöttük erdélyi magyarok is) nyugat-európai célországot választanak. Ezeknek a migrációs dinamikáknak a megértése fontos célkitűzés lehet nemzetpolitikai szempontból is.</p>
<p>Ugyanakkor, a belső mobilitás tekintetében az elmúlt 30 évben több változásnak lehettünk tanúi. A 70-80-as években az egyetemválasztás szempontjából a székelyföldi diákok számára fontos cél-város volt Temesvár, azonban ez a 2000-es évek közepétől megszűnni látszik, a diákok inkább a Nagyvárad – Kolozsvár – Marosvásárhely tengelyen folytatják tanulmányaikat és sokan itt is telepednek le tanulmányaik befejezése után.</p>
<p>A belső és külső mobilitás elfogulatlan tudományos kutatása kiemelten fontos az erdélyi magyarság megmaradása, valamint a székelyföldi régió fejlesztése szempontjából.</p>

<p>Románia 2007-es európai uniós csatlakozása után új értelmezést nyert a gazdasági migráció. Az elmúlt évek kutatásai azt mutatják, hogy nagyon sokan (közöttük erdélyi magyarok is) nyugat-európai célországot választanak. Ezeknek a migrációs dinamikáknak a megértése fontos célkitűzés lehet nemzetpolitikai szempontból is. Ugyanakkor, a belső mobilitás tekintetében az elmúlt 30 évben több változásnak lehettünk tanúi. A 70-80-as &hellip;</p>

<!-- This site is optimized with the Yoast SEO plugin v26.8 - https://yoast.com/product/yoast-seo-wordpress/ -->
<title>Kivándorlás (EN) - Bálványos Institute</title>
<meta name="robots" content="index, follow, max-snippet:-1, max-image-preview:large, max-video-preview:-1" />
<link rel="canonical" href="https://balvanyos.org/en/kivandorlas-en/" />
<meta property="og:locale" content="en_US" />
<meta property="og:type" content="article" />
<meta property="og:title" content="Kivándorlás (EN) - Bálványos Institute" />
<meta property="og:description" content="Románia 2007-es európai uniós csatlakozása után új értelmezést nyert a gazdasági migráció. Az elmúlt évek kutatásai azt mutatják, hogy nagyon sokan (közöttük erdélyi magyarok is) nyugat-európai célországot választanak. Ezeknek a migrációs dinamikáknak a megértése fontos célkitűzés lehet nemzetpolitikai szempontból is. Ugyanakkor, a belső mobilitás tekintetében az elmúlt 30 évben több változásnak lehettünk tanúi. A 70-80-as &hellip;" />
<meta property="og:url" content="https://balvanyos.org/en/kivandorlas-en/" />
<meta property="og:site_name" content="Bálványos Institute" />
<meta name="twitter:card" content="summary_large_image" />
<meta name="twitter:label1" content="Est. reading time" />
	<meta name="twitter:data1" content="1 minute" />
<script type="application/ld+json" class="yoast-schema-graph">{"@context":"https://schema.org","@graph":[{"@type":"WebPage","@id":"https://balvanyos.org/en/kivandorlas-en/","url":"https://balvanyos.org/en/kivandorlas-en/","name":"Kivándorlás (EN) - Bálványos Institute","isPartOf":{"@id":"https://balvanyos.org/#website"},"datePublished":"2020-07-02T09:02:19+00:00","breadcrumb":{"@id":"https://balvanyos.org/en/kivandorlas-en/#breadcrumb"},"inLanguage":"en-US","potentialAction":[{"@type":"ReadAction","target":["https://balvanyos.org/en/kivandorlas-en/"]}]},{"@type":"BreadcrumbList","@id":"https://balvanyos.org/en/kivandorlas-en/#breadcrumb","itemListElement":[{"@type":"ListItem","position":1,"name":"Home","item":"https://balvanyos.org/en/"},{"@type":"ListItem","position":2,"name":"Kivándorlás (EN)"}]},{"@type":"WebSite","@id":"https://balvanyos.org/#website","url":"https://balvanyos.org/","name":"Bálványos Institute","description":"Erdélyi Közszolgálati Szabadegyetem","publisher":{"@id":"https://balvanyos.org/#organization"},"potentialAction":[{"@type":"SearchAction","target":{"@type":"EntryPoint","urlTemplate":"https://balvanyos.org/?s={search_term_string}"},"query-input":{"@type":"PropertyValueSpecification","valueRequired":true,"valueName":"search_term_string"}}],"inLanguage":"en-US"},{"@type":"Organization","@id":"https://balvanyos.org/#organization","name":"Institutul Bálványos","url":"https://balvanyos.org/","logo":{"@type":"ImageObject","inLanguage":"en-US","@id":"https://balvanyos.org/#/schema/logo/image/","url":"https://balvanyos.org/wp-content/uploads/2019/03/BI_celja_pic.jpg","contentUrl":"https://balvanyos.org/wp-content/uploads/2019/03/BI_celja_pic.jpg","width":1300,"height":900,"caption":"Institutul Bálványos"},"image":{"@id":"https://balvanyos.org/#/schema/logo/image/"}}]}</script>
<!-- / Yoast SEO plugin. -->

Kivándorlás (EN) - Bálványos Institute

Románia 2007-es európai uniós csatlakozása után új értelmezést nyert a gazdasági migráció. Az elmúlt évek kutatásai azt mutatják, hogy nagyon sokan (közöttük erdélyi magyarok is) nyugat-európai célországot választanak. Ezeknek a migrációs dinamikáknak a megértése fontos célkitűzés lehet nemzetpolitikai szempontból is. Ugyanakkor, a belső mobilitás tekintetében az elmúlt 30 évben több változásnak lehettünk tanúi. A 70-80-as &hellip;

Bálványos Institute

Erdélyi Közszolgálati Szabadegyetem

Institutul Bálványos
